{"id":298,"date":"2021-01-19T12:38:53","date_gmt":"2021-01-19T12:38:53","guid":{"rendered":"https:\/\/kopint-tarki.hu\/?page_id=298"},"modified":"2024-04-24T18:23:01","modified_gmt":"2024-04-24T18:23:01","slug":"fooldal","status":"publish","type":"page","link":"https:\/\/kopint-tarki.hu\/en\/fooldal\/","title":{"rendered":"Home"},"content":{"rendered":"\n<div class=\"wp-block-columns hero is-layout-flex wp-container-core-columns-is-layout-9d6595d7 wp-block-columns-is-layout-flex\">\n<div class=\"wp-block-column is-layout-flow wp-block-column-is-layout-flow\">\n<div class=\"wp-block-cover has-background-dim-10 has-background-dim\" style=\"min-height:250px;aspect-ratio:unset;\"><img loading=\"lazy\" decoding=\"async\" width=\"2240\" height=\"1260\" class=\"wp-block-cover__image-background wp-image-1592\" alt=\"\" src=\"https:\/\/kopint-tarki.hu\/wp-content\/uploads\/2021\/10\/Bizalmi-okt-21_en.jpg\" data-object-fit=\"cover\" srcset=\"https:\/\/kopint-tarki.hu\/wp-content\/uploads\/2021\/10\/Bizalmi-okt-21_en.jpg 2240w, https:\/\/kopint-tarki.hu\/wp-content\/uploads\/2021\/10\/Bizalmi-okt-21_en-300x169.jpg 300w, https:\/\/kopint-tarki.hu\/wp-content\/uploads\/2021\/10\/Bizalmi-okt-21_en-1024x576.jpg 1024w, https:\/\/kopint-tarki.hu\/wp-content\/uploads\/2021\/10\/Bizalmi-okt-21_en-768x432.jpg 768w, https:\/\/kopint-tarki.hu\/wp-content\/uploads\/2021\/10\/Bizalmi-okt-21_en-1536x864.jpg 1536w, https:\/\/kopint-tarki.hu\/wp-content\/uploads\/2021\/10\/Bizalmi-okt-21_en-2048x1152.jpg 2048w\" sizes=\"auto, (max-width: 2240px) 100vw, 2240px\" \/><div class=\"wp-block-cover__inner-container is-layout-flow wp-block-cover-is-layout-flow\">\n<p class=\"has-large-font-size\"><\/p>\n<\/div><\/div>\n\n\n\n<h3 class=\"has-medium-font-size wp-block-heading\">19.10.2021 Manufacturing sentiment index in October 2021&nbsp; <\/h3>\n\n\n\n<p>Based on the latest manufacturing sentiment survey, the majority of companies have recovered from the shock of the epidemic restrictions by the autumn of 2021. Production has returned to 2019 levels for 54% of respondents, although there are still 40% of companies where this is more likely to happen only next year.<\/p>\n\n\n\n<p>A short summary in English is available <a href=\"https:\/\/kopint-tarki.hu\/en\/konjunkturateszt\/\">here<\/a>, together with the confidence and barometer figures.<\/p>\n<\/div>\n\n\n\n<div class=\"wp-block-column is-layout-flow wp-block-column-is-layout-flow\">\n<div class=\"wp-block-cover aligncenter has-background-dim-10 has-background-dim\" style=\"min-height:250px;aspect-ratio:unset;\"><img loading=\"lazy\" decoding=\"async\" width=\"960\" height=\"540\" class=\"wp-block-cover__image-background wp-image-1459\" alt=\"\" src=\"https:\/\/kopint-tarki.hu\/wp-content\/uploads\/2021\/09\/Maxpixel.net-Economy-Virus.jpg\" style=\"object-position:51% 53%\" data-object-fit=\"cover\" data-object-position=\"51% 53%\" srcset=\"https:\/\/kopint-tarki.hu\/wp-content\/uploads\/2021\/09\/Maxpixel.net-Economy-Virus.jpg 960w, https:\/\/kopint-tarki.hu\/wp-content\/uploads\/2021\/09\/Maxpixel.net-Economy-Virus-300x169.jpg 300w, https:\/\/kopint-tarki.hu\/wp-content\/uploads\/2021\/09\/Maxpixel.net-Economy-Virus-768x432.jpg 768w\" sizes=\"auto, (max-width: 960px) 100vw, 960px\" \/><div class=\"wp-block-cover__inner-container is-layout-flow wp-block-cover-is-layout-flow\">\n<p class=\"has-large-font-size\"><\/p>\n<\/div><\/div>\n\n\n\n<h3 class=\"has-medium-font-size wp-block-heading\">28.09.2021. Study on the impacts of COVID-19 on competitiveness <\/h3>\n\n\n\n<p>P\u00e9ter Vakhal presented our fresh study \u2018COVID-19, sustainability and economic growth in competitiveness in Hungary\u2019 commissioned by the Fiscal Council of the Hungarian Parliament, at a joint conference of the Council and the Hungarian Society of Economists.&nbsp;<\/p>\n\n\n\n<p>The pandemic has set under way such economic and social developments that diverted national economies from their previous paths. Experts unanimously agree that economic growth relying on the rapid expansion of household consumption cannot be maintained in its current form. The study analyses the background and the impact of the crisis in five dimensions, all from the point of view of sustainability.&nbsp;<\/p>\n\n\n\n<p>A short summary of the study in English is available <a href=\"https:\/\/kopint-tarki.hu\/en\/the-impact-of-covid-19-sustainability-and-socio-economic-development-on-hungarys-competitiveness-in-hungarian-2\/\" target=\"_blank\" rel=\"noreferrer noopener\">here<\/a>, with a link to the full text in Hungarian.&nbsp;<\/p>\n<\/div>\n\n\n\n<div class=\"wp-block-column is-layout-flow wp-block-column-is-layout-flow\">\n<div class=\"wp-block-cover aligncenter has-background-dim-10 has-background-dim\" style=\"min-height:250px;aspect-ratio:unset;\"><img loading=\"lazy\" decoding=\"async\" width=\"1366\" height=\"768\" class=\"wp-block-cover__image-background wp-image-1516\" alt=\"\" src=\"https:\/\/kopint-tarki.hu\/wp-content\/uploads\/2021\/10\/GDP_2021_jul_en.jpg\" style=\"object-position:42% 67%\" data-object-fit=\"cover\" data-object-position=\"42% 67%\" srcset=\"https:\/\/kopint-tarki.hu\/wp-content\/uploads\/2021\/10\/GDP_2021_jul_en.jpg 1366w, https:\/\/kopint-tarki.hu\/wp-content\/uploads\/2021\/10\/GDP_2021_jul_en-300x169.jpg 300w, https:\/\/kopint-tarki.hu\/wp-content\/uploads\/2021\/10\/GDP_2021_jul_en-1024x576.jpg 1024w, https:\/\/kopint-tarki.hu\/wp-content\/uploads\/2021\/10\/GDP_2021_jul_en-768x432.jpg 768w\" sizes=\"auto, (max-width: 1366px) 100vw, 1366px\" \/><div class=\"wp-block-cover__inner-container is-layout-flow wp-block-cover-is-layout-flow\">\n<p class=\"has-large-font-size\"><\/p>\n<\/div><\/div>\n\n\n\n<h3 class=\"has-medium-font-size wp-block-heading\">15.08.2021. Economic Trends 2021\/2 report on Eastern Europe and Hungary published <\/h3>\n\n\n\n<p>The world economic situation improved in the first half of the year: both the growth indices and the confidence indicators showed an upward trend. Growing inflation and the possibility of monetary tightening poses a downward risk to growths expectations, along with a renewed assault of the pandemic.&nbsp;<\/p>\n\n\n\n<p>The Hungarian economy is predicted to grow by 5-5.5% in 2021 after shrinking 5% last year. The second quarter of 2021 looks likely to bring high year-on-year growth at above 10%, due to a low base. In the second half of the year slower growth is expected. A fast-paced rise in inflation poses very high risk.&nbsp;<\/p>\n\n\n\n<p>The full report is available <a href=\"https:\/\/kopint-tarki.hu\/wp-content\/uploads\/2021\/10\/ET_2021_2.pdf\" target=\"_blank\" rel=\"noreferrer noopener\">here<\/a>.&nbsp;<\/p>\n\n\n\n<p><br><\/p>\n<\/div>\n<\/div>\n\n\n\n<div class=\"wp-block-columns home-child is-layout-flex wp-container-core-columns-is-layout-9d6595d7 wp-block-columns-is-layout-flex\">\n<div class=\"wp-block-column is-layout-flow wp-block-column-is-layout-flow\">\n<h6 class=\"wp-block-heading\"> 28.04.2021 First place of Kopint-T\u00e1rki in forecasters ranking&nbsp; <\/h6>\n\n\n\n<div class=\"wp-block-image\"><figure class=\"alignleft is-resized\"><img loading=\"lazy\" decoding=\"async\" src=\"https:\/\/kopint-tarki.hu\/wp-content\/uploads\/2021\/02\/atmenetes-150x150.jpg\" alt=\"\" class=\"wp-image-476\" width=\"150\" height=\"150\"\/><\/figure><\/div>\n\n\n\n<p>Kopint-T\u00e1rki&#8217;s forecasters, Zolt\u00e1n Matheika and \u00c9va Pal\u00f3cz, took first place in the MNB-Reuters forecasting competition! <\/p>\n\n\n\n<p>In the competition, which is now being held for the 8th time, the participating forecasters (31 analysts in 2020) provide monthly forecasts on the expected development of the main macroeconomic, fiscal and monetary indicators of the Hungarian economy. The submitted monthly forecasts are evaluated by MNB-Reuters staff based on how close they were to the actual annual data.<\/p>\n\n\n\n<p>We are proud that Kopint-T\u00e1rki\u2019s colleagues have won&nbsp;the&nbsp;first prize in this excellent&nbsp;competition&nbsp;this year.<\/p>\n<\/div>\n\n\n\n<div class=\"wp-block-column is-layout-flow wp-block-column-is-layout-flow\">\n<h6 class=\"wp-block-heading\">26.04.2021.&nbsp;Policy responses from governments and social partners to the COVID-19 pandemic<\/h6>\n\n\n\n<div class=\"wp-block-image\"><figure class=\"alignleft size-thumbnail\"><img loading=\"lazy\" decoding=\"async\" width=\"150\" height=\"150\" src=\"https:\/\/kopint-tarki.hu\/wp-content\/uploads\/2021\/02\/eurofound_1-150x150.jpg\" alt=\"\" class=\"wp-image-459\"\/><\/figure><\/div>\n\n\n\n<p>As part of a series on working life issues and the COVID-19 pandemic Eurofound has published the article \u201c<a href=\"https:\/\/www.eurofound.europa.eu\/publications\/article\/2021\/policy-responses-from-governments-and-social-partners-to-the-covid-19-pandemic\" target=\"_blank\" rel=\"noreferrer noopener\">Policy responses from governments and social partners to the COVID-19 pandemic<\/a>\u201d. KOPINT-T\u00e1rki\u2019s analyst scored through European responses to COVID-19, comparing measures aimed at cushioning the impact of the crisis on society, the economy and the labour market. In some countries, unemployment was allowed to run high while re-training and temporary benefits were extended, elsewhere, retaining jobs was a priority. The involvement of social partners in policy design fell by the wayside almost everywhere in the midst of the sudden crisis.<\/p>\n\n\n\n<p>The article relied on Eurofound\u2019s frequently updated database on government policies in EU member states during the pandemic, which can be found here:&nbsp;<a rel=\"noreferrer noopener\" href=\"https:\/\/www.eurofound.europa.eu\/data\/covid-19-eu-policywatch\" target=\"_blank\">COVID-19 EU Policy watch<\/a>.<\/p>\n<\/div>\n<\/div>\n\n\n\n<div class=\"wp-block-columns home-child is-layout-flex wp-container-core-columns-is-layout-9d6595d7 wp-block-columns-is-layout-flex\">\n<div class=\"wp-block-column is-layout-flow wp-block-column-is-layout-flow\">\n<h6 class=\"wp-block-heading\">25.04.2021 Economic Trends 2021\/1 report on Eastern Europe and Hungary published <\/h6>\n\n\n\n<div class=\"wp-block-image\"><figure class=\"alignleft size-thumbnail\"><img loading=\"lazy\" decoding=\"async\" width=\"150\" height=\"150\" src=\"https:\/\/kopint-tarki.hu\/wp-content\/uploads\/2021\/04\/Barometer-abra_ENG-150x150.jpg\" alt=\"\" class=\"wp-image-1036\"\/><\/figure><\/div>\n\n\n\n<p>The world economic situation improved in the last quarter of last year, despite the new wave of the pandemic. The global short-term outlook is moderately positive, albeit not in every respect, mainly due to general fiscal stimulus. The Hungarian economy may expand by 4.5% in 2021 after last year&#8217;s 5% contraction. The performance of the economy will certainly be negative in the first quarter, but the second quarter will bring significant growth, largely due to the base effect. By the second half of the year, the state of the economy could consolidate, provided there is no further serious wave of the pandemic.<\/p>\n\n\n\n<p>The report can be downloaded in English <a href=\"https:\/\/kopint-tarki.hu\/wp-content\/uploads\/2021\/07\/Economic-Trends_2021_01.pdf\" data-type=\"URL\" data-id=\"https:\/\/kopint-tarki.hu\/wp-content\/uploads\/2021\/07\/Economic-Trends_2021_01.pdf\" target=\"_blank\" rel=\"noreferrer noopener\">here<\/a>.<\/p>\n<\/div>\n\n\n\n<div class=\"wp-block-column is-layout-flow wp-block-column-is-layout-flow\">\n<h6 class=\"wp-block-heading\">16.12.2020 The World Economic Forum (WEF) published its 2020 report <\/h6>\n\n\n\n<div class=\"wp-block-image\"><figure class=\"alignleft size-thumbnail is-resized\"><img decoding=\"async\" src=\"https:\/\/kopint-tarki.hu\/wp-content\/uploads\/2021\/02\/weforum-150x150.jpg\" alt=\"\" class=\"wp-image-462\" width=\"150\"\/><\/figure><\/div>\n\n\n\n<p>The presentation outlines the findings of the reports written by Kopint-T\u00e1rki to the Fiscal Council in 2020 about the state of the global economy, international trade and the Hungarian economy, wich a focus on the economic consequences of the COVID pandemic. The studies highlight and closely analyze the fiscal impact of the crisis, the rapid growth of pubic debt ratios, both globally and in Hungary.&nbsp; <\/p>\n\n\n\n<p> Link to conference and the presentations in Hungarian: <a rel=\"noreferrer noopener\" href=\"https:\/\/www.mkt.hu\/hu\/2020\/12\/21\/mkt-kt-konferencia-podcast-es-letoltheto-tanulmanyok\/\" target=\"_blank\">https:\/\/www.mkt.hu\/hu\/2020\/12\/21\/mkt-kt-konferencia-podcast-es-letoltheto-tanulmany<\/a> <\/p>\n<\/div>\n<\/div>\n","protected":false},"excerpt":{"rendered":"<p>19.10.2021 Manufacturing sentiment index in October 2021&nbsp; Based on the latest manufacturing sentiment survey, the majority of companies have recovered from the shock of the epidemic restrictions by the autumn of 2021. Production has returned to 2019 levels for 54% of respondents, although there are still 40% of companies where this is more likely to [&hellip;]<\/p>\n","protected":false},"author":2,"featured_media":0,"parent":0,"menu_order":0,"comment_status":"closed","ping_status":"closed","template":"","meta":{"_acf_changed":false,"_coblocks_attr":"","_coblocks_dimensions":"","_coblocks_responsive_height":"","_coblocks_accordion_ie_support":"","footnotes":""},"class_list":["post-298","page","type-page","status-publish","hentry"],"acf":[],"_links":{"self":[{"href":"https:\/\/kopint-tarki.hu\/en\/wp-json\/wp\/v2\/pages\/298","targetHints":{"allow":["GET"]}}],"collection":[{"href":"https:\/\/kopint-tarki.hu\/en\/wp-json\/wp\/v2\/pages"}],"about":[{"href":"https:\/\/kopint-tarki.hu\/en\/wp-json\/wp\/v2\/types\/page"}],"author":[{"embeddable":true,"href":"https:\/\/kopint-tarki.hu\/en\/wp-json\/wp\/v2\/users\/2"}],"replies":[{"embeddable":true,"href":"https:\/\/kopint-tarki.hu\/en\/wp-json\/wp\/v2\/comments?post=298"}],"version-history":[{"count":126,"href":"https:\/\/kopint-tarki.hu\/en\/wp-json\/wp\/v2\/pages\/298\/revisions"}],"predecessor-version":[{"id":3281,"href":"https:\/\/kopint-tarki.hu\/en\/wp-json\/wp\/v2\/pages\/298\/revisions\/3281"}],"wp:attachment":[{"href":"https:\/\/kopint-tarki.hu\/en\/wp-json\/wp\/v2\/media?parent=298"}],"curies":[{"name":"wp","href":"https:\/\/api.w.org\/{rel}","templated":true}]}}

<div class="wp-block-columns hero is-layout-flex wp-container-core-columns-is-layout-9d6595d7 wp-block-columns-is-layout-flex">
<div class="wp-block-column is-layout-flow wp-block-column-is-layout-flow">
<div class="wp-block-cover has-background-dim-10 has-background-dim" style="min-height:250px;aspect-ratio:unset;"><img loading="lazy" decoding="async" width="2240" height="1260" class="wp-block-cover__image-background wp-image-1592" alt="" src="https://kopint-tarki.hu/wp-content/uploads/2021/10/Bizalmi-okt-21_en.jpg" data-object-fit="cover" srcset="https://kopint-tarki.hu/wp-content/uploads/2021/10/Bizalmi-okt-21_en.jpg 2240w, https://kopint-tarki.hu/wp-content/uploads/2021/10/Bizalmi-okt-21_en-300x169.jpg 300w, https://kopint-tarki.hu/wp-content/uploads/2021/10/Bizalmi-okt-21_en-1024x576.jpg 1024w, https://kopint-tarki.hu/wp-content/uploads/2021/10/Bizalmi-okt-21_en-768x432.jpg 768w, https://kopint-tarki.hu/wp-content/uploads/2021/10/Bizalmi-okt-21_en-1536x864.jpg 1536w, https://kopint-tarki.hu/wp-content/uploads/2021/10/Bizalmi-okt-21_en-2048x1152.jpg 2048w" sizes="auto, (max-width: 2240px) 100vw, 2240px" /><div class="wp-block-cover__inner-container is-layout-flow wp-block-cover-is-layout-flow">
<p class="has-large-font-size"></p>
</div></div>



<h3 class="has-medium-font-size wp-block-heading">19.10.2021 Manufacturing sentiment index in October 2021&nbsp; </h3>



<p>Based on the latest manufacturing sentiment survey, the majority of companies have recovered from the shock of the epidemic restrictions by the autumn of 2021. Production has returned to 2019 levels for 54% of respondents, although there are still 40% of companies where this is more likely to happen only next year.</p>



<p>A short summary in English is available <a href="https://kopint-tarki.hu/en/konjunkturateszt/">here</a>, together with the confidence and barometer figures.</p>
</div>



<div class="wp-block-column is-layout-flow wp-block-column-is-layout-flow">
<div class="wp-block-cover aligncenter has-background-dim-10 has-background-dim" style="min-height:250px;aspect-ratio:unset;"><img loading="lazy" decoding="async" width="960" height="540" class="wp-block-cover__image-background wp-image-1459" alt="" src="https://kopint-tarki.hu/wp-content/uploads/2021/09/Maxpixel.net-Economy-Virus.jpg" style="object-position:51% 53%" data-object-fit="cover" data-object-position="51% 53%" srcset="https://kopint-tarki.hu/wp-content/uploads/2021/09/Maxpixel.net-Economy-Virus.jpg 960w, https://kopint-tarki.hu/wp-content/uploads/2021/09/Maxpixel.net-Economy-Virus-300x169.jpg 300w, https://kopint-tarki.hu/wp-content/uploads/2021/09/Maxpixel.net-Economy-Virus-768x432.jpg 768w" sizes="auto, (max-width: 960px) 100vw, 960px" /><div class="wp-block-cover__inner-container is-layout-flow wp-block-cover-is-layout-flow">
<p class="has-large-font-size"></p>
</div></div>



<h3 class="has-medium-font-size wp-block-heading">28.09.2021. Study on the impacts of COVID-19 on competitiveness </h3>



<p>Péter Vakhal presented our fresh study ‘COVID-19, sustainability and economic growth in competitiveness in Hungary’ commissioned by the Fiscal Council of the Hungarian Parliament, at a joint conference of the Council and the Hungarian Society of Economists.&nbsp;</p>



<p>The pandemic has set under way such economic and social developments that diverted national economies from their previous paths. Experts unanimously agree that economic growth relying on the rapid expansion of household consumption cannot be maintained in its current form. The study analyses the background and the impact of the crisis in five dimensions, all from the point of view of sustainability.&nbsp;</p>



<p>A short summary of the study in English is available <a href="https://kopint-tarki.hu/en/the-impact-of-covid-19-sustainability-and-socio-economic-development-on-hungarys-competitiveness-in-hungarian-2/" target="_blank" rel="noreferrer noopener">here</a>, with a link to the full text in Hungarian.&nbsp;</p>
</div>



<div class="wp-block-column is-layout-flow wp-block-column-is-layout-flow">
<div class="wp-block-cover aligncenter has-background-dim-10 has-background-dim" style="min-height:250px;aspect-ratio:unset;"><img loading="lazy" decoding="async" width="1366" height="768" class="wp-block-cover__image-background wp-image-1516" alt="" src="https://kopint-tarki.hu/wp-content/uploads/2021/10/GDP_2021_jul_en.jpg" style="object-position:42% 67%" data-object-fit="cover" data-object-position="42% 67%" srcset="https://kopint-tarki.hu/wp-content/uploads/2021/10/GDP_2021_jul_en.jpg 1366w, https://kopint-tarki.hu/wp-content/uploads/2021/10/GDP_2021_jul_en-300x169.jpg 300w, https://kopint-tarki.hu/wp-content/uploads/2021/10/GDP_2021_jul_en-1024x576.jpg 1024w, https://kopint-tarki.hu/wp-content/uploads/2021/10/GDP_2021_jul_en-768x432.jpg 768w" sizes="auto, (max-width: 1366px) 100vw, 1366px" /><div class="wp-block-cover__inner-container is-layout-flow wp-block-cover-is-layout-flow">
<p class="has-large-font-size"></p>
</div></div>



<h3 class="has-medium-font-size wp-block-heading">15.08.2021. Economic Trends 2021/2 report on Eastern Europe and Hungary published </h3>



<p>The world economic situation improved in the first half of the year: both the growth indices and the confidence indicators showed an upward trend. Growing inflation and the possibility of monetary tightening poses a downward risk to growths expectations, along with a renewed assault of the pandemic.&nbsp;</p>



<p>The Hungarian economy is predicted to grow by 5-5.5% in 2021 after shrinking 5% last year. The second quarter of 2021 looks likely to bring high year-on-year growth at above 10%, due to a low base. In the second half of the year slower growth is expected. A fast-paced rise in inflation poses very high risk.&nbsp;</p>



<p>The full report is available <a href="https://kopint-tarki.hu/wp-content/uploads/2021/10/ET_2021_2.pdf" target="_blank" rel="noreferrer noopener">here</a>.&nbsp;</p>



<p><br></p>
</div>
</div>



<div class="wp-block-columns home-child is-layout-flex wp-container-core-columns-is-layout-9d6595d7 wp-block-columns-is-layout-flex">
<div class="wp-block-column is-layout-flow wp-block-column-is-layout-flow">
<h6 class="wp-block-heading"> 28.04.2021 First place of Kopint-Tárki in forecasters ranking&nbsp; </h6>



<div class="wp-block-image"><figure class="alignleft is-resized"><img loading="lazy" decoding="async" src="https://kopint-tarki.hu/wp-content/uploads/2021/02/atmenetes-150x150.jpg" alt="" class="wp-image-476" width="150" height="150"/></figure></div>



<p>Kopint-Tárki&#8217;s forecasters, Zoltán Matheika and Éva Palócz, took first place in the MNB-Reuters forecasting competition! </p>



<p>In the competition, which is now being held for the 8th time, the participating forecasters (31 analysts in 2020) provide monthly forecasts on the expected development of the main macroeconomic, fiscal and monetary indicators of the Hungarian economy. The submitted monthly forecasts are evaluated by MNB-Reuters staff based on how close they were to the actual annual data.</p>



<p>We are proud that Kopint-Tárki’s colleagues have won&nbsp;the&nbsp;first prize in this excellent&nbsp;competition&nbsp;this year.</p>
</div>



<div class="wp-block-column is-layout-flow wp-block-column-is-layout-flow">
<h6 class="wp-block-heading">26.04.2021.&nbsp;Policy responses from governments and social partners to the COVID-19 pandemic</h6>



<div class="wp-block-image"><figure class="alignleft size-thumbnail"><img loading="lazy" decoding="async" width="150" height="150" src="https://kopint-tarki.hu/wp-content/uploads/2021/02/eurofound_1-150x150.jpg" alt="" class="wp-image-459"/></figure></div>



<p>As part of a series on working life issues and the COVID-19 pandemic Eurofound has published the article “<a href="https://www.eurofound.europa.eu/publications/article/2021/policy-responses-from-governments-and-social-partners-to-the-covid-19-pandemic" target="_blank" rel="noreferrer noopener">Policy responses from governments and social partners to the COVID-19 pandemic</a>”. KOPINT-Tárki’s analyst scored through European responses to COVID-19, comparing measures aimed at cushioning the impact of the crisis on society, the economy and the labour market. In some countries, unemployment was allowed to run high while re-training and temporary benefits were extended, elsewhere, retaining jobs was a priority. The involvement of social partners in policy design fell by the wayside almost everywhere in the midst of the sudden crisis.</p>



<p>The article relied on Eurofound’s frequently updated database on government policies in EU member states during the pandemic, which can be found here:&nbsp;<a rel="noreferrer noopener" href="https://www.eurofound.europa.eu/data/covid-19-eu-policywatch" target="_blank">COVID-19 EU Policy watch</a>.</p>
</div>
</div>



<div class="wp-block-columns home-child is-layout-flex wp-container-core-columns-is-layout-9d6595d7 wp-block-columns-is-layout-flex">
<div class="wp-block-column is-layout-flow wp-block-column-is-layout-flow">
<h6 class="wp-block-heading">25.04.2021 Economic Trends 2021/1 report on Eastern Europe and Hungary published </h6>



<div class="wp-block-image"><figure class="alignleft size-thumbnail"><img loading="lazy" decoding="async" width="150" height="150" src="https://kopint-tarki.hu/wp-content/uploads/2021/04/Barometer-abra_ENG-150x150.jpg" alt="" class="wp-image-1036"/></figure></div>



<p>The world economic situation improved in the last quarter of last year, despite the new wave of the pandemic. The global short-term outlook is moderately positive, albeit not in every respect, mainly due to general fiscal stimulus. The Hungarian economy may expand by 4.5% in 2021 after last year&#8217;s 5% contraction. The performance of the economy will certainly be negative in the first quarter, but the second quarter will bring significant growth, largely due to the base effect. By the second half of the year, the state of the economy could consolidate, provided there is no further serious wave of the pandemic.</p>



<p>The report can be downloaded in English <a href="https://kopint-tarki.hu/wp-content/uploads/2021/07/Economic-Trends_2021_01.pdf" data-type="URL" data-id="https://kopint-tarki.hu/wp-content/uploads/2021/07/Economic-Trends_2021_01.pdf" target="_blank" rel="noreferrer noopener">here</a>.</p>
</div>



<div class="wp-block-column is-layout-flow wp-block-column-is-layout-flow">
<h6 class="wp-block-heading">16.12.2020 The World Economic Forum (WEF) published its 2020 report </h6>



<div class="wp-block-image"><figure class="alignleft size-thumbnail is-resized"><img decoding="async" src="https://kopint-tarki.hu/wp-content/uploads/2021/02/weforum-150x150.jpg" alt="" class="wp-image-462" width="150"/></figure></div>



<p>The presentation outlines the findings of the reports written by Kopint-Tárki to the Fiscal Council in 2020 about the state of the global economy, international trade and the Hungarian economy, wich a focus on the economic consequences of the COVID pandemic. The studies highlight and closely analyze the fiscal impact of the crisis, the rapid growth of pubic debt ratios, both globally and in Hungary.&nbsp; </p>



<p> Link to conference and the presentations in Hungarian: <a rel="noreferrer noopener" href="https://www.mkt.hu/hu/2020/12/21/mkt-kt-konferencia-podcast-es-letoltheto-tanulmanyok/" target="_blank">https://www.mkt.hu/hu/2020/12/21/mkt-kt-konferencia-podcast-es-letoltheto-tanulmany</a> </p>
</div>
</div>
